- 77*m - 249. Let r be o(80). Let x(k) = -2*k - 4. What is x(r)?
14
Let u(g) = -g**3 - 24*g**2 - 43*g + 15. Let n be (-8)/(-6) + 7630/(-327). What is u(n)?
-7
Let t(o) be the second derivative of 7/12*o**4 - 1/20*o**5 + 5/3*o**3 - 11*o**2 + 0 - 18*o. Let n be t(8). Let m(f) = -2*f - 8. What is m(n)?
4
Let o = 47 - 45. Suppose -4 = 2*g, -4*l - o*g + g + 6 = 0. Let t(n) = l + 0 - 5 - 2*n**2 - n**2 + n**3 - 2*n. Determine t(4).
5
Let n(p) = 7*p + 13. Let r = -6 + -33. Let z(d) = d + 2. Let q(k) = r*z(k) + 6*n(k). Suppose -2*b + 4 = -2*w - 0*w, 4*b + 2*w = 26. Determine q(b).
15
Let d(q) = -7*q**3 - 3*q**2 + 4*q + 2. Let n be d(-3). Suppose 0 = -7*l + 2 + n. Let k(i) = -6 + 1 - l*i + 23*i + 0. Determine k(-4).
-9
Let w(g) = 2*g - 45*g**3 + 23 + 172*g**3 - 42*g**3 - 41*g**3 - 13*g**2 - 42*g**3. Determine w(6).
-1
Let b(h) be the second derivative of h**5/20 + 7*h**4/12 + 2*h**3/3 - h**2/2 - 4*h - 145. What is b(-6)?
11
Let s(y) = 30*y**3 + 28*y**2 - 23*y - 21. Let u(t) = 17*t**3 + 15*t**2 - 13*t - 11. Let c(n) = -5*s(n) + 9*u(n). What is c(1)?
2
Let r(j) = -4*j**2 - 7*j - 11. Let d(z) = -7*z**2 - 15*z - 22. Let h(n) = 3*d(n) - 5*r(n). Let t = 74 - 43. Let l = t + -39. Determine h(l).
5
Let s(a) = -24*a - 164. Suppose 37*m + 232 = -27. Determine s(m).
4
Let h = -6272 + 6258. Let m(a) = -a**2 - 11*a - 10. Give m(h).
-52
Let w(s) = -35 - 33*s**3 - 31*s**3 + 15*s + 76 + 33*s**2 + 62*s**3. What is w(17)?
7
Let f(m) = 7*m + 4. Let x(p) = 0 + 2200*p - 7 - 2208*p. Let k(j) = 3*f(j) + 2*x(j). Calculate k(-3).
-17
Suppose 5*j = -3*c + 2230, -140 = j + 5*c - 564. Let g = j + -452. Let u(l) = -5*l**2 - 3*l + 3. Give u(g).
-33
Let h(n) be the first derivative of n**4/2 - n**3 + n**2/2 - 16. Let v be 4 + -2 - (-33)/(-3). Let x(y) = 2*y**3 + 19*y**2 + 8*y - 7. Let c be x(v). Give h(c).
6
Let c(j) = 2*j**2 + 1. Let i be c(-1). Suppose 4*s - 8 = k - 14, -4*s = i*k + 30. Let z(m) = -m. Determine z(k).
6
Suppose 7*m - 6*m + 5 = 0, -r = 2*m + 7. Let a(j) = j**2 + 18*j - 64. What is a(r)?
-1
Let f(v) = -26*v + 1. Let k be (3/6)/(5/(-690)*-1). Suppose -k = -14*r - 55. What is f(r)?
-25
Let a(m) be the second derivative of -m**4/12 + 103*m**2/2 + 9369*m. Give a(-11).
-18
Let g(k) = 54*k + 21. Let r(c) = 18*c + 8. Let f(z) = 3*g(z) - 8*r(z). Let n(s) = 21*s - 1. Let o(j) = -5*f(j) + 4*n(j). Calculate o(5).
-29
Suppose 14*t - 16*t + 6 = 0. Suppose -u - t = -5. Let g(i) = -12 - i**u + 8 + 0 + 3*i. Calculate g(4).
-8
Suppose 72*h + 334 = 70*h. Let a = h + 166. Let q(w) be the second derivative of 5*w**3/2 - 2*w. Calculate q(a).
-15
Let f(j) = -j**2 + j + 96. Suppose 3*x - g + 42 = 12, 2*x + 3*g = -31. Give f(x).
-36
Let m(r) = r**2 + 11*r + 26. Let v be m(-9). Let q(w) = 2*w**2 + 3*w + 7. Let u(h) = 2*h**2 + 5*h + 11. Let j(k) = v*q(k) - 5*u(k). Calculate j(1).
6
Let j(r) = -13*r + 33. Let q be j(2). Suppose -n = -2*c + 11, -q*n = c - 2*n. Let d(i) = i**3 - 4*i**2 - 2*i - 5. Determine d(c).
10
Let m(u) = -79*u**3 + 23*u**2 + u + 1. Let n(h) = -80*h**3 + 30*h**2 + h + 2. Let s(g) = 4*m(g) - 3*n(g). Determine s(1).
-75
Let v(c) = -2*c - 11. Let b be v(-16). Let a(h) = -15*h + 1 + 13*h - b*h. Give a(-1).
24
Let r(y) = -y**3 + y**2 + 3*y + 3. Let o be ((-198)/(-72) + (-2)/8)*2. Let v be -2 + 2/o + (-130)/325. Give r(v).
9
Let u(w) = -14*w - 9. Let n be u(4). Let a = n - -38. Let m = a - -20. Let q(h) = -h - 4. Determine q(m).
3
Let f = -337 + 598. Let l = f + -262. Let s(u) = u**2 + u + 1. Determine s(l).
1
Let k(u) = -u**3 - u - 1. Suppose 88*q = 82*q + 114. Suppose -36*x + 14*x = -q*x. Give k(x).
-1
Let f(t) = 12*t**3 - 13*t**2 - 7*t + 7. Let n(l) = -7*l**3 + 7*l**2 + 3*l - 3. Let d = -157 + 160. Let q(w) = d*f(w) + 5*n(w). Calculate q(5).
1
Let y be 17/3 - (-8)/(-12). Suppose 0 = -4*b + m + 2, y*b = m - 0*m + 2. Let d(f) = -f**2 + 7 - 6*f**2 + b*f**2 + f**3 - f - 8. What is d(7)?
-8
Let b = 26371/79131 + 2/26377. Let u(p) be the second derivative of -1/20*p**5 - 24*p + 0 + 1/2*p**3 + 5/2*p**2 + b*p**4. Give u(4).
17
Let i(p) be the first derivative of p**5/60 + 5*p**4/24 + p**3/2 - 3*p**2/2 + p - 171. Let k(g) be the second derivative of i(g). Determine k(-4).
-1
Suppose 0 = 55*h + 451 - 1441. Let l(i) = i**2 - 38*i + 355. Let s be l(h). Let x(k) = -2*k**2 - 6*k + 6. What is x(s)?
-14
Let o(k) = 133*k + 74 + 101 - 47 - 104*k. Give o(-5).
-17
Let q(w) be the third derivative of -1/6*w**4 + 0*w - 83*w**2 + 0 + 1/120*w**6 - 4/3*w**3 - 1/12*w**5. What is q(6)?
4
Let i(r) = -5*r + 2*r + 3 - 5*r + 7*r. What is i(-15)?
18
Let n(q) = -416*q + 402*q - 41*q**2 - 15 + 40*q**2. Calculate n(-11).
18
Suppose 26*l = 2*d + 29*l - 6, -2*l + 10 = 2*d. Let m(y) = -d - 4 - 4*y + 4 + 2. Calculate m(-4).
9
Let f = 71 + -63. Let r(j) = -30 + 10*j + f + j**2 + 42. Let k be r(-8). Let y(q) = -q**3 + 5*q**2 - 4*q + 1. Give y(k).
1
Let m(g) = -g**2 + 18*g - 63. Let y be m(5). Let c(h) = -2 + 5*h - 8*h**2 - 2*h - 6*h - h**3 - y*h. Give c(-7).
-16
Let n(i) = -8*i - 116. Suppose -27*w + 22*w = 5*j + 75, -j = 22*w + 351. Determine n(w).
12
Let c(d) = -d**3 + 3*d**2 - 8*d + 3. Let l(b) = -b. Let p(q) = -c(q) + 6*l(q). Let t(z) = z**2 + 9*z - 20. Let a be t(2). Give p(a).
-3
Let j(p) = p**3 + 31*p**2 - 66*p + 36. Let z be j(-33). Let x be (-54)/(-12)*(-2 - (-88)/z). Let g(l) = -l**2 + 1. What is g(x)?
-3
Suppose 2 = -5*z + 3*w + 80, 55 = 4*z + 5*w. Let b(p) = -16*p - 9*p**2 + 6*p**2 + 18 + 4*p**2. Let q be b(z). Let c(t) = -t**2 + 2*t - 4. Determine c(q).
-7
Let w(s) be the first derivative of -5/24*s**4 + 3/40*s**5 + 2*s**3 + 17 + 0*s**2 - 1/360*s**6 + 0*s. Let h(j) be the third derivative of w(j). Determine h(6).
13
Let b be 2/(-3) - (-2037)/(-63). Let a be (-38)/7 - b/77. Let l(u) = u - 4. Calculate l(a).
-9
Let c(s) = -4*s**2 + 8*s - 3. Let x(q) = -3*q**3 - 11*q - 12. Let y be x(-1). Give c(y).
-3
Let h(d) = -52*d - 4 - 58*d + 109*d. Suppose -b - k - 2 = 0, 3*b - 2*k = -6*k - 8. Let u be b*(3 - 21/6). Calculate h(u).
-4
Let p(x) = -50*x**3 + x**2 - 15*x - 5. Let k(w) = -18*w**3 + w**2 - 5*w - 2. Let b(l) = 8*k(l) - 3*p(l). Determine b(-1).
-7
Let j(k) be the third derivative of -k**6/360 + k**5/15 - 245*k**3/6 + 5*k**2 - 4*k. Let p(n) be the first derivative of j(n). Determine p(5).
15
Let n be 1/4*-2*(6 + -12). Let s = n - 10. Let o(k) = -k**3 - 6*k**2 + 9*k + 5. Calculate o(s).
-9
Let h(n) = 6*n**2 + 11*n - 28. Let o be h(2). Let v be o/(-24)*32/(-2). Let x(j) = 3*j - 30. Calculate x(v).
6
Let m(q) be the first derivative of 29*q**3/6 + q**2/2 + 11*q + 86. Let x(y) be the first derivative of m(y). What is x(-1)?
-28
Suppose 326 = -6*r - 154. Let n be r/(-38) - (-22)/(-209). Let t(z) = z**2 + 1. Give t(n).
5
Let d = 74 + -72. Let v = 2 - 2. Let r(l) = -32*l**3 - 5*l**d - 2*l + v*l**2 + 31*l**3. Give r(-4).
-8
Let g(d) = -d**2 + 23*d + 3. Let q(z) = -z**2 + 9*z + 1. Let s(v) = g(v) - 2*q(v). Suppose t = -2*t - 3*r - 30, 4*t = -r - 28. Let a = -11 - t. Calculate s(a).
1
Let u(c) = 2*c**2 + 13*c - 5. Let g(z) = 12*z**2 - 9*z + 7. Let y(j) = 8*j**2 - 6*j + 5. Let r(v) = -5*g(v) + 7*y(v). Let a be r(-1). Determine u(a).
2
Let z(o) = -295*o + 20. Let w(q) = -638*q + 40. Let l(k) = -6*w(k) + 13*z(k). Give l(-9).
83
Let n(k) = 2*k**2 - 13*k + 11. Let r = 6615 - 6606. Give n(r).
56
Let d(r) = 5*r**2 - 7*r + 12. Let b(f) = 9 - 9 + 2 - 9*f**2 - 12 - 13 + 13*f. Let v(g) = 6*b(g) + 11*d(g). Determine v(0).
-6
Let q = 355/51 - 90/17. Let o(c) be the first derivative of -20 + q*c**3 + 1/4*c**4 - 3*c - 2*c**2. What is o(-5)?
17
Suppose 5*v = -5*m + 5, m - 3*v - 3 = -2. Let t = -63 + 72. Let h(f) = -f + t*f - f + 1 + f. Give h(m).
9
Let b(a) = a**2 + 12*a + 10. Let w = 17 + -1. Suppose 42 = 17*d - w*d. Suppose -2*g + 0*x = -5*x + d, 3*x + 21 = -3*g. Give b(g).
-1
Let u(f) = 261*f - 5. Let x(l) = 57*l - 1. Let m(g) = 5*u(g) - 23*x(g). Give m(-2).
10
Suppose 0 = -3*x - 0*s - 3*s + 6, -2*x + 25 = 5*s. Let q(h) = -h**3 - 5*h**2 + 3*h + 22. Give q(x).
7
Suppose 0 = -m - 9 + 5. Let z be 3*(-2)/8*m. Suppose -2*t = 0, t + 4 + 17 = z*n. Let i(l) = -l**3 + 8*l**2 - 7*l + 5. What is i(n)?
5
Let v(i) = 5*i**3 - 151*i**2 - 5*i + 10. Let c(f) = 14*f**3 - 429*f**2 - 15*f + 29. Let g(j) = -6*c(j) + 17*v(j). Determine g(-2).
6
Let s(n) = 15*n - 1. Let a(j) = -j**3 - 12*j**2 - 193*j - 1734. Let l be a(-10). Determine s(l).
-61
Let v